[INFO] fetching crate dumb-exec 0.0.7...
[INFO] checking dumb-exec-0.0.7 against master#af3c6e733a40e671550e0f0f5aeecaa13772ba56 for pr-74989
[INFO] extracting crate dumb-exec 0.0.7 into /workspace/builds/worker-1/source
[INFO] validating manifest of crates.io crate dumb-exec 0.0.7 on toolchain af3c6e733a40e671550e0f0f5aeecaa13772ba56
[INFO] running `Command { std: "/workspace/cargo-home/bin/cargo" "+af3c6e733a40e671550e0f0f5aeecaa13772ba56" "read-manifest" "--manifest-path" "Cargo.toml", kill_on_drop: false }`
[INFO] started tweaking crates.io crate dumb-exec 0.0.7
[INFO] finished tweaking crates.io crate dumb-exec 0.0.7
[INFO] tweaked toml for crates.io crate dumb-exec 0.0.7 written to /workspace/builds/worker-1/source/Cargo.toml
[INFO] running `Command { std: "/workspace/cargo-home/bin/cargo" "+af3c6e733a40e671550e0f0f5aeecaa13772ba56" "generate-lockfile" "--manifest-path" "Cargo.toml" "-Zno-index-update", kill_on_drop: false }`
[INFO] running `Command { std: "/workspace/cargo-home/bin/cargo" "+af3c6e733a40e671550e0f0f5aeecaa13772ba56" "fetch" "--locked" "--manifest-path" "Cargo.toml", kill_on_drop: false }`
[INFO] running `Command { std: "docker" "create" "-v" "/var/lib/crater-agent-workspace/builds/worker-1/target:/opt/rustwide/target:rw,Z" "-v" "/var/lib/crater-agent-workspace/builds/worker-1/source:/opt/rustwide/workdir:ro,Z" "-v" "/var/lib/crater-agent-workspace/cargo-home:/opt/rustwide/cargo-home:ro,Z" "-v" "/var/lib/crater-agent-workspace/rustup-home:/opt/rustwide/rustup-home:ro,Z" "-e" "SOURCE_DIR=/opt/rustwide/workdir" "-e" "CARGO_TARGET_DIR=/opt/rustwide/target" "-e" "CARGO_HOME=/opt/rustwide/cargo-home" "-e" "RUSTUP_HOME=/opt/rustwide/rustup-home" "-w" "/opt/rustwide/workdir" "-m" "1610612736" "--user" "0:0" "--network" "none" "rustops/crates-build-env@sha256:d92eaeed33fa75130ca1ee6c8a01d1ffb62bac859dfdfb3450e3e5d1c0146529" "/opt/rustwide/cargo-home/bin/cargo" "+af3c6e733a40e671550e0f0f5aeecaa13772ba56" "metadata" "--no-deps" "--format-version=1", kill_on_drop: false }`
[INFO] [stdout] d37c3f72497e556c9916fa694956c55f52d2582a753c0a60ef88bab4d2c7585a
[INFO] [stderr] WARNING: Your kernel does not support swap limit capabilities or the cgroup is not mounted. Memory limited without swap.
[INFO] running `Command { std: "docker" "start" "-a" "d37c3f72497e556c9916fa694956c55f52d2582a753c0a60ef88bab4d2c7585a", kill_on_drop: false }`
[INFO] running `Command { std: "docker" "inspect" "d37c3f72497e556c9916fa694956c55f52d2582a753c0a60ef88bab4d2c7585a", kill_on_drop: false }`
[INFO] running `Command { std: "docker" "rm" "-f" "d37c3f72497e556c9916fa694956c55f52d2582a753c0a60ef88bab4d2c7585a", kill_on_drop: false }`
[INFO] [stdout] d37c3f72497e556c9916fa694956c55f52d2582a753c0a60ef88bab4d2c7585a
[INFO] running `Command { std: "docker" "create" "-v" "/var/lib/crater-agent-workspace/builds/worker-1/target:/opt/rustwide/target:rw,Z" "-v" "/var/lib/crater-agent-workspace/builds/worker-1/source:/opt/rustwide/workdir:ro,Z" "-v" "/var/lib/crater-agent-workspace/cargo-home:/opt/rustwide/cargo-home:ro,Z" "-v" "/var/lib/crater-agent-workspace/rustup-home:/opt/rustwide/rustup-home:ro,Z" "-e" "SOURCE_DIR=/opt/rustwide/workdir" "-e" "CARGO_TARGET_DIR=/opt/rustwide/target" "-e" "CARGO_INCREMENTAL=0" "-e" "RUST_BACKTRACE=full" "-e" "RUSTFLAGS=--cap-lints=forbid" "-e" "CARGO_HOME=/opt/rustwide/cargo-home" "-e" "RUSTUP_HOME=/opt/rustwide/rustup-home" "-w" "/opt/rustwide/workdir" "-m" "1610612736" "--user" "0:0" "--network" "none" "rustops/crates-build-env@sha256:d92eaeed33fa75130ca1ee6c8a01d1ffb62bac859dfdfb3450e3e5d1c0146529" "/opt/rustwide/cargo-home/bin/cargo" "+af3c6e733a40e671550e0f0f5aeecaa13772ba56" "check" "--frozen" "--all" "--all-targets" "--message-format=json", kill_on_drop: false }`
[INFO] [stdout] 0c25be759bd922a27d961e77263c77bce3f21a8a25e3868ba0b827b92bd49e94
[INFO] [stderr] WARNING: Your kernel does not support swap limit capabilities or the cgroup is not mounted. Memory limited without swap.
[INFO] running `Command { std: "docker" "start" "-a" "0c25be759bd922a27d961e77263c77bce3f21a8a25e3868ba0b827b92bd49e94", kill_on_drop: false }`
[INFO] [stderr]    Compiling memchr v2.3.3
[INFO] [stderr]    Compiling libc v0.2.77
[INFO] [stderr]     Checking futures-core-preview v0.3.0-alpha.18
[INFO] [stderr]     Checking slab v0.4.2
[INFO] [stderr]     Checking futures-io-preview v0.3.0-alpha.18
[INFO] [stderr]     Checking futures-sink-preview v0.3.0-alpha.18
[INFO] [stderr]     Checking futures-channel-preview v0.3.0-alpha.18
[INFO] [stderr]     Checking futures-util-preview v0.3.0-alpha.18
[INFO] [stderr]     Checking num_cpus v1.13.0
[INFO] [stderr]     Checking futures-executor-preview v0.3.0-alpha.18
[INFO] [stderr]     Checking futures-preview v0.3.0-alpha.18
[INFO] [stderr]     Checking dumb-exec v0.0.7 (/opt/rustwide/workdir)
[INFO] [stdout] error[E0432]: unresolved import `futures::task::LocalWaker`
[INFO] [stdout]   --> src/lib.rs:27:33
[INFO] [stdout]    |
[INFO] [stdout] 27 | use futures::task::{LocalSpawn, LocalWaker, Poll, Spawn, SpawnError};
[INFO] [stdout]    |                                 ^^^^^^^^^^ no `LocalWaker` in `task`
[INFO] [stdout] 
[INFO] [stdout] 
[INFO] [stdout] error[E0432]: unresolved imports `futures::task::LocalWaker`, `futures::task::UnsafeWake`
[INFO] [stdout]   --> src/cached.rs:11:33
[INFO] [stdout]    |
[INFO] [stdout] 11 | use futures::task::{LocalSpawn, LocalWaker, Poll, Spawn, SpawnError, UnsafeWake, Waker};
[INFO] [stdout]    |                                 ^^^^^^^^^^ no `LocalWaker` in `task` ^^^^^^^^^^ no `UnsafeWake` in `task`
[INFO] [stdout] 
[INFO] [stdout] 
[INFO] [stdout] error[E0432]: unresolved import `futures::task::UnsafeWake`
[INFO] [stdout]  --> src/wake.rs:2:21
[INFO] [stdout]   |
[INFO] [stdout] 2 | use futures::task::{UnsafeWake, Waker};
[INFO] [stdout]   |                     ^^^^^^^^^^ no `UnsafeWake` in `task`
[INFO] [stdout] 
[INFO] [stdout] 
[INFO] [stdout] error[E0432]: unresolved import `futures::task::LocalWaker`
[INFO] [stdout]   --> src/lib.rs:27:33
[INFO] [stdout]    |
[INFO] [stdout] 27 | use futures::task::{LocalSpawn, LocalWaker, Poll, Spawn, SpawnError};
[INFO] [stdout]    |                                 ^^^^^^^^^^ no `LocalWaker` in `task`
[INFO] [stdout] 
[INFO] [stdout] 
[INFO] [stdout] error[E0432]: unresolved imports `futures::task::LocalWaker`, `futures::task::UnsafeWake`
[INFO] [stdout]   --> src/cached.rs:11:33
[INFO] [stdout]    |
[INFO] [stdout] 11 | use futures::task::{LocalSpawn, LocalWaker, Poll, Spawn, SpawnError, UnsafeWake, Waker};
[INFO] [stdout]    |                                 ^^^^^^^^^^ no `LocalWaker` in `task` ^^^^^^^^^^ no `UnsafeWake` in `task`
[INFO] [stdout] 
[INFO] [stdout] 
[INFO] [stdout] error[E0432]: unresolved import `futures::task::UnsafeWake`
[INFO] [stdout]  --> src/wake.rs:2:21
[INFO] [stdout]   |
[INFO] [stdout] 2 | use futures::task::{UnsafeWake, Waker};
[INFO] [stdout]   |                     ^^^^^^^^^^ no `UnsafeWake` in `task`
[INFO] [stdout] 
[INFO] [stdout] 
[INFO] [stderr] error: could not compile `dumb-exec`.
[INFO] [stdout] error: aborting due to 3 previous errors
[INFO] [stdout] 
[INFO] [stdout] 
[INFO] [stderr] 
[INFO] [stdout] For more information about this error, try `rustc --explain E0432`.
[INFO] [stdout] 
[INFO] [stderr] To learn more, run the command again with --verbose.
[INFO] [stdout] error: aborting due to 3 previous errors
[INFO] [stdout] 
[INFO] [stdout] 
[INFO] [stderr] warning: build failed, waiting for other jobs to finish...
[INFO] [stdout] For more information about this error, try `rustc --explain E0432`.
[INFO] [stdout] 
[INFO] [stderr] error: build failed
[INFO] running `Command { std: "docker" "inspect" "0c25be759bd922a27d961e77263c77bce3f21a8a25e3868ba0b827b92bd49e94", kill_on_drop: false }`
[INFO] running `Command { std: "docker" "rm" "-f" "0c25be759bd922a27d961e77263c77bce3f21a8a25e3868ba0b827b92bd49e94", kill_on_drop: false }`
[INFO] [stdout] 0c25be759bd922a27d961e77263c77bce3f21a8a25e3868ba0b827b92bd49e94
